{"id":53,"date":"2026-02-16T22:12:53","date_gmt":"2026-02-16T22:12:53","guid":{"rendered":"https:\/\/www.chicmadam.fr\/?page_id=53"},"modified":"2026-02-28T13:40:07","modified_gmt":"2026-02-28T13:40:07","slug":"page","status":"publish","type":"page","link":"https:\/\/www.chicmadam.fr\/","title":{"rendered":"Page"},"content":{"rendered":"\n  \n    \n    <section class=\"u-clearfix u-valign-middle-xs u-white u-section-2\" id=\"block-2\">\n      <div class=\"data-layout-selected u-clearfix u-expanded-width-md u-expanded-width-sm u-expanded-width-xs u-layout-wrap u-layout-wrap-1\">\n        <div class=\"u-layout\">\n          <div class=\"u-layout-row\">\n            <div class=\"u-container-style u-hidden-md u-hidden-sm u-hidden-xs u-image u-layout-cell u-right-cell u-shape-rectangle u-size-24-lg u-size-27-xl u-size-60-md u-size-60-sm u-size-60-xs u-image-1\" data-image-width=\"1200\" data-image-height=\"1534\" style=\"background-image: url(&quot;https:\/\/www.chicmadam.fr\/wp-content\/uploads\/2026\/02\/IMG_5275-1.jpg&quot;);\">\n              <div class=\"u-container-layout u-container-layout-1\"><\/div>\n            <\/div>\n            <div class=\"u-align-left u-container-align-left u-container-style u-layout-cell u-left-cell u-shape-rectangle u-size-33-xl u-size-36-lg u-size-60-md u-size-60-sm u-size-60-xs u-layout-cell-2\">\n              <div class=\"u-container-layout u-valign-middle-lg u-valign-middle-md u-valign-middle-sm u-container-layout-2\">\n                <img decoding=\"async\" class=\"u-image u-image-contain u-image-default u-preserve-proportions u-image-2\" src=\"https:\/\/www.chicmadam.fr\/wp-content\/uploads\/2026\/02\/CopiedeLOGOCHICMADAM1-1-1.svg\" alt=\"\" data-image-width=\"150\" data-image-height=\"84\">\n                <p class=\"u-align-center u-small-text u-text u-text-default u-text-variant u-text-1\">Prenez votre rendez-vous<\/p>\n                <div class=\"u-btn-round u-calendar u-radius u-spacing-30 u-calendar-1\" data-href=\"#popup-b4f0\" data-calendar-token=\"eyJhbGciOiJSU0EtT0FFUCIsImVuYyI6IkEyNTZHQ00ifQ.di7996i1p1odn2gQr2w656CgOva6crQYqn8psa2k9KiUx_-yHXjGli7Fp3UA1-lIewPwqlZIX9UwnxfPKU-HI-vPA7Xs3hD9TXlIawSYt3pv-23nHjst3lRW549MqjC3HsaI6I5DfAo9KS-nzFurv5R0qnywLkK7S3T1obzjblxMgJKpWt5Ptx2Z-FjKm0UQqvCgreAubD3c04DgKEoQ19kR9bePNq7A66xNfJcdK_plBsCB2OuJGKesG70uvR2SuFh9QAyluJjYBt4eoYs9d0Xa7b6oQ-2NupOdF8mhEJEEdT5wrlkVblCERzx0raOqVu5InPwswcj07cAJPdT0Bw.rbBEtwhNVEpCOVQD.DP676EakIFazPBF44wuEYSDPUmCkz6LKu88ANIi_Y6I4eKiNkJjisUk0jKCQKg3PAmeZ5mArqinCbAhhEVgKb7bw-csh.E7_JvEeY6ULYZni4Uaz_wQ\">\n                  <div class=\"u-datepicker-container\" style=\"position: relative;\">\n                    <div class=\"datepicker\"><\/div>\n                  <\/div>\n                  <div class=\"u-calendar-time-container\">\n                    <div class=\"u-calendar-time-container-inner\">\n                      <div class=\"u-calendar-timezone u-text\"><\/div>\n                      <ul class=\"u-calendar-time-list u-unstyled\" style=\"height: 281px;\"><li class=\"fake u-active-grey-10 u-border-1 u-border-active-custom-color-2 u-border-custom-color-2 u-border-hover-custom-color-2 u-btn-round u-calendar-time-slot u-hidden u-hover-grey-10 u-radius u-text-active-black u-text-hover-black u-white u-calendar-time-slot-1\">--:--<\/li><\/ul>\n                    <\/div>\n                  <\/div>\n                  <div class=\"u-calendar-no-slots-message\">Pas de r\u00e9servation disponible<\/div>\n                  <div class=\"u-calendar-success-message\">Votre r\u00e9servation a \u00e9t\u00e9 confirm\u00e9e avec succ\u00e8s.\nUn e-mail de confirmation vous a \u00e9t\u00e9 adress\u00e9.<\/div>\n                  <div class=\"u-calendar-conflict-message\">La r\u00e9servation n'a pas pu \u00eatre faite. <\/div>\n                  <div class=\"u-calendar-error-message\">La r\u00e9servation n'a pas pu \u00eatre faite. erreur<\/div>\n                <\/div>\n              <\/div>\n            <\/div>\n          <\/div>\n        <\/div>\n      <\/div>\n    <\/section>\n    \n    \n    \n    \n    \n  \n","protected":false},"excerpt":{"rendered":"<p>Prenez votre rendez-vous &#8211;:&#8211; Pas de r\u00e9servation disponible Votre r\u00e9servation a \u00e9t\u00e9 confirm\u00e9e avec succ\u00e8s. Un e-mail de confirmation vous a \u00e9t\u00e9 adress\u00e9. La r\u00e9servation n&rsquo;a pas pu \u00eatre faite. La r\u00e9servation n&rsquo;a pas pu \u00eatre faite. erreur<\/p>\n","protected":false},"author":1,"featured_media":0,"parent":0,"menu_order":0,"comment_status":"open","ping_status":"closed","template":"","meta":{"footnotes":""},"class_list":["post-53","page","type-page","status-publish","hentry"],"_links":{"self":[{"href":"https:\/\/www.chicmadam.fr\/index.php\/wp-json\/wp\/v2\/pages\/53","targetHints":{"allow":["GET"]}}],"collection":[{"href":"https:\/\/www.chicmadam.fr\/index.php\/wp-json\/wp\/v2\/pages"}],"about":[{"href":"https:\/\/www.chicmadam.fr\/index.php\/wp-json\/wp\/v2\/types\/page"}],"author":[{"embeddable":true,"href":"https:\/\/www.chicmadam.fr\/index.php\/wp-json\/wp\/v2\/users\/1"}],"replies":[{"embeddable":true,"href":"https:\/\/www.chicmadam.fr\/index.php\/wp-json\/wp\/v2\/comments?post=53"}],"version-history":[{"count":3,"href":"https:\/\/www.chicmadam.fr\/index.php\/wp-json\/wp\/v2\/pages\/53\/revisions"}],"predecessor-version":[{"id":58,"href":"https:\/\/www.chicmadam.fr\/index.php\/wp-json\/wp\/v2\/pages\/53\/revisions\/58"}],"wp:attachment":[{"href":"https:\/\/www.chicmadam.fr\/index.php\/wp-json\/wp\/v2\/media?parent=53"}],"curies":[{"name":"wp","href":"https:\/\/api.w.org\/{rel}","templated":true}]}}